{"id":124,"date":"2021-05-28T11:37:04","date_gmt":"2021-05-28T11:37:04","guid":{"rendered":"https:\/\/www.market.prettywebdesign.biz\/caris\/?post_type=product&#038;p=124"},"modified":"2025-11-12T11:35:32","modified_gmt":"2025-11-12T11:35:32","slug":"product-4","status":"publish","type":"product","link":"https:\/\/intoleranzkompass.de\/?product=product-4","title":{"rendered":"Symptomtagebuch Pro inkl. Analyse und Ern\u00e4hrungsplan"},"content":{"rendered":"<p data-start=\"810\" data-end=\"833\">Ideal f\u00fcr dich wenn du:<\/p>\n<ul data-start=\"834\" data-end=\"1053\">\n<li data-start=\"834\" data-end=\"923\">\n<p data-start=\"836\" data-end=\"923\"><strong data-start=\"836\" data-end=\"858\">eine Histaminintoleranz<\/strong>, <strong data-start=\"860\" data-end=\"882\">Fructoseintoleranz<\/strong>, <strong data-start=\"884\" data-end=\"905\">Laktoseintoleranz<\/strong> und jegliche anderen Intoleranzen hast<\/p>\n<\/li>\n<li data-start=\"924\" data-end=\"996\">\n<p data-start=\"926\" data-end=\"996\">chronische Ersch\u00f6pfung, diffusen Symptomen oder Verdauungsbeschwerden hast<\/p>\n<\/li>\n<li data-start=\"997\" data-end=\"1053\">\n<p data-start=\"999\" data-end=\"1053\">dem Wunsch, ihren K\u00f6rper endlich besser zu verstehen<\/p>\n<\/li>\n<\/ul>\n<p data-start=\"1055\" data-end=\"1084\"><strong data-start=\"1055\" data-end=\"1084\">Vorteile auf einen Blick:<\/strong><\/p>\n<ul data-start=\"1085\" data-end=\"1280\">\n<li data-start=\"1085\" data-end=\"1132\">\n<p data-start=\"1087\" data-end=\"1132\">Strukturierte Vorlage f\u00fcr 6 Wochen Tracking<\/p>\n<\/li>\n<li data-start=\"1133\" data-end=\"1182\">\n<p data-start=\"1135\" data-end=\"1182\">Einfache Anwendung: ausdrucken und ausf\u00fcllen<\/p>\n<\/li>\n<li data-start=\"1183\" data-end=\"1226\">\n<p data-start=\"1185\" data-end=\"1226\">Professionelle Analyse und Empfehlungen<\/p>\n<\/li>\n<li data-start=\"1227\" data-end=\"1280\">\n<p data-start=\"1229\" data-end=\"1280\">Mehr Sicherheit im Umgang mit Unvertr\u00e4glichkeiten<\/p>\n<\/li>\n<\/ul>\n<p data-start=\"1282\" data-end=\"1389\">Finde heraus, was deinem K\u00f6rper wirklich guttut mit dem <strong data-start=\"1340\" data-end=\"1386\">Symptom-Tagebuch Pro vom Intoleranzkompass<\/strong>.<\/p>\n","protected":false},"excerpt":{"rendered":"<h3 data-start=\"95\" data-end=\"187\"><strong data-start=\"99\" data-end=\"187\">entdecke die Zusammenh\u00e4nge zwischen Ern\u00e4hrung und Beschwerden<\/strong><\/h3>\n<p data-start=\"189\" data-end=\"393\">Du vermutest eine <strong data-start=\"207\" data-end=\"229\">Histaminintoleranz<\/strong>, <strong data-start=\"231\" data-end=\"264\">Lebensmittelunvertr\u00e4glichkeit<\/strong> oder reagierst empfindlich auf bestimmte Nahrungsmittel? Das <strong data-start=\"326\" data-end=\"350\">Symptom-Tagebuch Pro<\/strong> hilft dir, endlich Klarheit zu bekommen.<\/p>\n<p data-start=\"395\" data-end=\"808\">Mit diesem <strong data-start=\"422\" data-end=\"440\">Symptomtracker<\/strong> erkennst du Schritt f\u00fcr Schritt, welche Lebensmittel, Stressfaktoren oder Alltagseinfl\u00fcsse deine Symptome ausl\u00f6sen. Du dokumentierst Ern\u00e4hrung, Beschwerden, Schlaf und Stress Woche f\u00fcr Woche. Nach vier Wochen kannst du dein ausgef\u00fclltes Tagebuch einsenden und erh\u00e4ltst eine <strong data-start=\"717\" data-end=\"789\">individuelle Auswertung inklusive Auff\u00e4lligkeiten und Ern\u00e4hrungsplan<\/strong> f\u00fcr zwei Wochen.<\/p>\n","protected":false},"featured_media":7933,"comment_status":"open","ping_status":"closed","template":"","meta":{"_et_pb_use_builder":"off","_et_pb_old_content":"Opal velvet rose Miami carefree greige shine. Glowy opal moonstone plush sparkle strawberry girlfriend antique sweet. Blonde quartyz opal candle blanket crystal salad chain. Ribbon chic ribbon, rose blazer cloud gleam platinum daisies Instagram sunglasses balloons. Calligraphy Morocco quartyz peonies shearling, opal bronzed bouquet buzz honey explore balloons strawberry poppy. Cactus ice champagne cactus knit dusty blue watercolor satchel. Iced coffee delight leopard, pretty bokeh sunglasses stripes greige sunglasses ink glitz. Disco ball rose gold tan camel dazzle starry shearling cream. Stripes girlfriend Tokyo sweet luster leopard luxury plush.\r\n\r\nStrawberry radiant tan sparkle caramel suede turquoise cognac. Jumpsuit bronzed lucky Miami peonies strawberry blazer sparkle, doughnuts greige lipstick sangria suede. Balloons cashmere babe grace plush moonstone shearling bangles. Platinum smoothie opal bling party warm sunset bohemian party. Luminous starry salad princess vintage braid, disco ball girlfriend marble bloom daydream stone glowy. Plush babe gumdrop silver Tokyo bouquet calligraphy creative. Wool coat starlight candy romantic tan braid Miami. Grace fluff delight lace stone chocolate glam bath bomb cotton candy. Blazer slippers greige bronzed luxe platinum messy bun blonde stripes.\r\n\r\nSunrise natural dainty pink blanket rose gold daydream. Prosecco sapphire satchel, ocean ice metallic bouquet mauve honey gleam. Caramel espresso unicorn leopard rose party pretty summer glazed, sangria jetsetter spritzer macaron lucky. Cupcake rose gold buzz fairy macaron lucky nude tote, messy bun crystal shimmer St Tropez. Morning skin sweater candy disco ball mocha wreath braid snapshot. Peonies passport cream lucky tulips leopard sweater, bouquet opal tulips vintage juice jumpsuit dazzle. Foliage warm copper charmed vacation strawberry pretty, watercolor fireplace skyline London vogue disco ball confetti. Sugar carefree plush tan crystal feminine Morocco flamingo petals. Tulips chiffon cotton candy suede lilac sangria shimmer, ice camel chocolate fluff.","_et_gb_content_width":"","om_disable_all_campaigns":false,"_monsterinsights_skip_tracking":false,"_monsterinsights_sitenote_active":false,"_monsterinsights_sitenote_note":"","_monsterinsights_sitenote_category":0},"product_brand":[],"product_cat":[18],"product_tag":[],"class_list":{"0":"post-124","1":"product","2":"type-product","3":"status-publish","4":"has-post-thumbnail","6":"product_cat-angebot","8":"first","9":"instock","10":"downloadable","11":"virtual","12":"purchasable","13":"product-type-simple"},"yoast_head":"<!-- This site is optimized with the Yoast SEO plugin v27.6 - https:\/\/yoast.com\/product\/yoast-seo-wordpress\/ -->\n<title>Symptomtagebuch Pro inkl. Analyse und Ern\u00e4hrungsplan | Ern&auml;hrungsberatung<\/title>\n<meta name=\"robots\" content=\"index, follow, max-snippet:-1, max-image-preview:large, max-video-preview:-1\" \/>\n<link rel=\"canonical\" href=\"https:\/\/intoleranzkompass.de\/?product=product-4\" \/>\n<meta property=\"og:locale\" content=\"de_DE\" \/>\n<meta property=\"og:type\" content=\"article\" \/>\n<meta property=\"og:title\" content=\"Symptomtagebuch Pro inkl. Analyse und Ern\u00e4hrungsplan | Ern&auml;hrungsberatung\" \/>\n<meta property=\"og:description\" content=\"entdecke die Zusammenh\u00e4nge zwischen Ern\u00e4hrung und Beschwerden Du vermutest eine Histaminintoleranz, Lebensmittelunvertr\u00e4glichkeit oder reagierst empfindlich auf bestimmte Nahrungsmittel? Das Symptom-Tagebuch Pro hilft dir, endlich Klarheit zu bekommen. Mit diesem Symptomtracker erkennst du Schritt f\u00fcr Schritt, welche Lebensmittel, Stressfaktoren oder Alltagseinfl\u00fcsse deine Symptome ausl\u00f6sen. Du dokumentierst Ern\u00e4hrung, Beschwerden, Schlaf und Stress Woche f\u00fcr Woche. Nach vier Wochen kannst du dein ausgef\u00fclltes Tagebuch einsenden und erh\u00e4ltst eine individuelle Auswertung inklusive Auff\u00e4lligkeiten und Ern\u00e4hrungsplan f\u00fcr zwei Wochen.\" \/>\n<meta property=\"og:url\" content=\"https:\/\/intoleranzkompass.de\/?product=product-4\" \/>\n<meta property=\"og:site_name\" content=\"Ern&auml;hrungsberatung\" \/>\n<meta property=\"article:modified_time\" content=\"2025-11-12T11:35:32+00:00\" \/>\n<meta property=\"og:image\" content=\"https:\/\/intoleranzkompass.de\/wp-content\/uploads\/2021\/05\/1.png\" \/>\n\t<meta property=\"og:image:width\" content=\"800\" \/>\n\t<meta property=\"og:image:height\" content=\"800\" \/>\n\t<meta property=\"og:image:type\" content=\"image\/png\" \/>\n<meta name=\"twitter:card\" content=\"summary_large_image\" \/>\n<script type=\"application\/ld+json\" class=\"yoast-schema-graph\">{\"@context\":\"https:\\\/\\\/schema.org\",\"@graph\":[{\"@type\":\"WebPage\",\"@id\":\"https:\\\/\\\/intoleranzkompass.de\\\/?product=product-4\",\"url\":\"https:\\\/\\\/intoleranzkompass.de\\\/?product=product-4\",\"name\":\"Symptomtagebuch Pro inkl. Analyse und Ern\u00e4hrungsplan | Ern&auml;hrungsberatung\",\"isPartOf\":{\"@id\":\"https:\\\/\\\/intoleranzkompass.de\\\/#website\"},\"primaryImageOfPage\":{\"@id\":\"https:\\\/\\\/intoleranzkompass.de\\\/?product=product-4#primaryimage\"},\"image\":{\"@id\":\"https:\\\/\\\/intoleranzkompass.de\\\/?product=product-4#primaryimage\"},\"thumbnailUrl\":\"https:\\\/\\\/intoleranzkompass.de\\\/wp-content\\\/uploads\\\/2021\\\/05\\\/1.png\",\"datePublished\":\"2021-05-28T11:37:04+00:00\",\"dateModified\":\"2025-11-12T11:35:32+00:00\",\"breadcrumb\":{\"@id\":\"https:\\\/\\\/intoleranzkompass.de\\\/?product=product-4#breadcrumb\"},\"inLanguage\":\"de\",\"potentialAction\":[{\"@type\":\"ReadAction\",\"target\":[\"https:\\\/\\\/intoleranzkompass.de\\\/?product=product-4\"]}]},{\"@type\":\"ImageObject\",\"inLanguage\":\"de\",\"@id\":\"https:\\\/\\\/intoleranzkompass.de\\\/?product=product-4#primaryimage\",\"url\":\"https:\\\/\\\/intoleranzkompass.de\\\/wp-content\\\/uploads\\\/2021\\\/05\\\/1.png\",\"contentUrl\":\"https:\\\/\\\/intoleranzkompass.de\\\/wp-content\\\/uploads\\\/2021\\\/05\\\/1.png\",\"width\":800,\"height\":800},{\"@type\":\"BreadcrumbList\",\"@id\":\"https:\\\/\\\/intoleranzkompass.de\\\/?product=product-4#breadcrumb\",\"itemListElement\":[{\"@type\":\"ListItem\",\"position\":1,\"name\":\"Startseite\",\"item\":\"https:\\\/\\\/intoleranzkompass.de\\\/\"},{\"@type\":\"ListItem\",\"position\":2,\"name\":\"Shop\",\"item\":\"https:\\\/\\\/intoleranzkompass.de\\\/?page_id=6725\"},{\"@type\":\"ListItem\",\"position\":3,\"name\":\"Symptomtagebuch Pro inkl. Analyse und Ern\u00e4hrungsplan\"}]},{\"@type\":\"WebSite\",\"@id\":\"https:\\\/\\\/intoleranzkompass.de\\\/#website\",\"url\":\"https:\\\/\\\/intoleranzkompass.de\\\/\",\"name\":\"Ern\u00e4hrungsberatung bei Intoleranzen & Unvertr\u00e4glichkeiten\",\"description\":\"Intoleranzen und Unvertr&auml;glichkeiten\",\"publisher\":{\"@id\":\"https:\\\/\\\/intoleranzkompass.de\\\/#\\\/schema\\\/person\\\/fe7639a6b3acc8a188bc547fded359cd\"},\"alternateName\":\"Intoleranzen & Unvertr\u00e4glichkeiten\",\"potentialAction\":[{\"@type\":\"SearchAction\",\"target\":{\"@type\":\"EntryPoint\",\"urlTemplate\":\"https:\\\/\\\/intoleranzkompass.de\\\/?s={search_term_string}\"},\"query-input\":{\"@type\":\"PropertyValueSpecification\",\"valueRequired\":true,\"valueName\":\"search_term_string\"}}],\"inLanguage\":\"de\"},{\"@type\":[\"Person\",\"Organization\"],\"@id\":\"https:\\\/\\\/intoleranzkompass.de\\\/#\\\/schema\\\/person\\\/fe7639a6b3acc8a188bc547fded359cd\",\"name\":\"admin\",\"image\":{\"@type\":\"ImageObject\",\"inLanguage\":\"de\",\"@id\":\"https:\\\/\\\/intoleranzkompass.de\\\/wp-content\\\/uploads\\\/2025\\\/05\\\/Intoleranz.png\",\"url\":\"https:\\\/\\\/intoleranzkompass.de\\\/wp-content\\\/uploads\\\/2025\\\/05\\\/Intoleranz.png\",\"contentUrl\":\"https:\\\/\\\/intoleranzkompass.de\\\/wp-content\\\/uploads\\\/2025\\\/05\\\/Intoleranz.png\",\"width\":500,\"height\":500,\"caption\":\"admin\"},\"logo\":{\"@id\":\"https:\\\/\\\/intoleranzkompass.de\\\/wp-content\\\/uploads\\\/2025\\\/05\\\/Intoleranz.png\"},\"sameAs\":[\"https:\\\/\\\/intoleranzkompass.de\"]}]}<\/script>\n<!-- \/ Yoast SEO plugin. -->","yoast_head_json":{"title":"Symptomtagebuch Pro inkl. Analyse und Ern\u00e4hrungsplan | Ern&auml;hrungsberatung","robots":{"index":"index","follow":"follow","max-snippet":"max-snippet:-1","max-image-preview":"max-image-preview:large","max-video-preview":"max-video-preview:-1"},"canonical":"https:\/\/intoleranzkompass.de\/?product=product-4","og_locale":"de_DE","og_type":"article","og_title":"Symptomtagebuch Pro inkl. Analyse und Ern\u00e4hrungsplan | Ern&auml;hrungsberatung","og_description":"entdecke die Zusammenh\u00e4nge zwischen Ern\u00e4hrung und Beschwerden Du vermutest eine Histaminintoleranz, Lebensmittelunvertr\u00e4glichkeit oder reagierst empfindlich auf bestimmte Nahrungsmittel? Das Symptom-Tagebuch Pro hilft dir, endlich Klarheit zu bekommen. Mit diesem Symptomtracker erkennst du Schritt f\u00fcr Schritt, welche Lebensmittel, Stressfaktoren oder Alltagseinfl\u00fcsse deine Symptome ausl\u00f6sen. Du dokumentierst Ern\u00e4hrung, Beschwerden, Schlaf und Stress Woche f\u00fcr Woche. Nach vier Wochen kannst du dein ausgef\u00fclltes Tagebuch einsenden und erh\u00e4ltst eine individuelle Auswertung inklusive Auff\u00e4lligkeiten und Ern\u00e4hrungsplan f\u00fcr zwei Wochen.","og_url":"https:\/\/intoleranzkompass.de\/?product=product-4","og_site_name":"Ern&auml;hrungsberatung","article_modified_time":"2025-11-12T11:35:32+00:00","og_image":[{"width":800,"height":800,"url":"https:\/\/intoleranzkompass.de\/wp-content\/uploads\/2021\/05\/1.png","type":"image\/png"}],"twitter_card":"summary_large_image","schema":{"@context":"https:\/\/schema.org","@graph":[{"@type":"WebPage","@id":"https:\/\/intoleranzkompass.de\/?product=product-4","url":"https:\/\/intoleranzkompass.de\/?product=product-4","name":"Symptomtagebuch Pro inkl. Analyse und Ern\u00e4hrungsplan | Ern&auml;hrungsberatung","isPartOf":{"@id":"https:\/\/intoleranzkompass.de\/#website"},"primaryImageOfPage":{"@id":"https:\/\/intoleranzkompass.de\/?product=product-4#primaryimage"},"image":{"@id":"https:\/\/intoleranzkompass.de\/?product=product-4#primaryimage"},"thumbnailUrl":"https:\/\/intoleranzkompass.de\/wp-content\/uploads\/2021\/05\/1.png","datePublished":"2021-05-28T11:37:04+00:00","dateModified":"2025-11-12T11:35:32+00:00","breadcrumb":{"@id":"https:\/\/intoleranzkompass.de\/?product=product-4#breadcrumb"},"inLanguage":"de","potentialAction":[{"@type":"ReadAction","target":["https:\/\/intoleranzkompass.de\/?product=product-4"]}]},{"@type":"ImageObject","inLanguage":"de","@id":"https:\/\/intoleranzkompass.de\/?product=product-4#primaryimage","url":"https:\/\/intoleranzkompass.de\/wp-content\/uploads\/2021\/05\/1.png","contentUrl":"https:\/\/intoleranzkompass.de\/wp-content\/uploads\/2021\/05\/1.png","width":800,"height":800},{"@type":"BreadcrumbList","@id":"https:\/\/intoleranzkompass.de\/?product=product-4#breadcrumb","itemListElement":[{"@type":"ListItem","position":1,"name":"Startseite","item":"https:\/\/intoleranzkompass.de\/"},{"@type":"ListItem","position":2,"name":"Shop","item":"https:\/\/intoleranzkompass.de\/?page_id=6725"},{"@type":"ListItem","position":3,"name":"Symptomtagebuch Pro inkl. Analyse und Ern\u00e4hrungsplan"}]},{"@type":"WebSite","@id":"https:\/\/intoleranzkompass.de\/#website","url":"https:\/\/intoleranzkompass.de\/","name":"Ern\u00e4hrungsberatung bei Intoleranzen & Unvertr\u00e4glichkeiten","description":"Intoleranzen und Unvertr&auml;glichkeiten","publisher":{"@id":"https:\/\/intoleranzkompass.de\/#\/schema\/person\/fe7639a6b3acc8a188bc547fded359cd"},"alternateName":"Intoleranzen & Unvertr\u00e4glichkeiten","potentialAction":[{"@type":"SearchAction","target":{"@type":"EntryPoint","urlTemplate":"https:\/\/intoleranzkompass.de\/?s={search_term_string}"},"query-input":{"@type":"PropertyValueSpecification","valueRequired":true,"valueName":"search_term_string"}}],"inLanguage":"de"},{"@type":["Person","Organization"],"@id":"https:\/\/intoleranzkompass.de\/#\/schema\/person\/fe7639a6b3acc8a188bc547fded359cd","name":"admin","image":{"@type":"ImageObject","inLanguage":"de","@id":"https:\/\/intoleranzkompass.de\/wp-content\/uploads\/2025\/05\/Intoleranz.png","url":"https:\/\/intoleranzkompass.de\/wp-content\/uploads\/2025\/05\/Intoleranz.png","contentUrl":"https:\/\/intoleranzkompass.de\/wp-content\/uploads\/2025\/05\/Intoleranz.png","width":500,"height":500,"caption":"admin"},"logo":{"@id":"https:\/\/intoleranzkompass.de\/wp-content\/uploads\/2025\/05\/Intoleranz.png"},"sameAs":["https:\/\/intoleranzkompass.de"]}]}},"jetpack_sharing_enabled":true,"_links":{"self":[{"href":"https:\/\/intoleranzkompass.de\/index.php?rest_route=\/wp\/v2\/product\/124","targetHints":{"allow":["GET"]}}],"collection":[{"href":"https:\/\/intoleranzkompass.de\/index.php?rest_route=\/wp\/v2\/product"}],"about":[{"href":"https:\/\/intoleranzkompass.de\/index.php?rest_route=\/wp\/v2\/types\/product"}],"replies":[{"embeddable":true,"href":"https:\/\/intoleranzkompass.de\/index.php?rest_route=%2Fwp%2Fv2%2Fcomments&post=124"}],"wp:featuredmedia":[{"embeddable":true,"href":"https:\/\/intoleranzkompass.de\/index.php?rest_route=\/wp\/v2\/media\/7933"}],"wp:attachment":[{"href":"https:\/\/intoleranzkompass.de\/index.php?rest_route=%2Fwp%2Fv2%2Fmedia&parent=124"}],"wp:term":[{"taxonomy":"product_brand","embeddable":true,"href":"https:\/\/intoleranzkompass.de\/index.php?rest_route=%2Fwp%2Fv2%2Fproduct_brand&post=124"},{"taxonomy":"product_cat","embeddable":true,"href":"https:\/\/intoleranzkompass.de\/index.php?rest_route=%2Fwp%2Fv2%2Fproduct_cat&post=124"},{"taxonomy":"product_tag","embeddable":true,"href":"https:\/\/intoleranzkompass.de\/index.php?rest_route=%2Fwp%2Fv2%2Fproduct_tag&post=124"}],"curies":[{"name":"wp","href":"https:\/\/api.w.org\/{rel}","templated":true}]}}